 -4*x - 0*x - 124, -3*x - 2*v = 92. Let l be ((-28)/21)/(8/x). Suppose 4 = -0*h - h, 0 = -l*w - 5*h + 220. What are the prime factors of w?
2, 3
Let n = -222 - -74. Let r = -96 - n. List the prime factors of r.
2, 13
Let y(n) = -14*n + 8. Let a(x) = -x - 1. Let f(t) = -a(t) - y(t). Let p be -2*(0 + 1) + 5. What are the prime factors of f(p)?
2, 19
Suppose 268 + 7589 = 27*d. What are the prime factors of d?
3, 97
Suppose 5*t + 2*c = 3075 + 651, 4*t + c - 2982 = 0. List the prime factors of t.
2, 373
Let k = 1906 - 1186. List the prime factors of k.
2, 3, 5
Let y(j) = j - 1. Let b(z) = 18*z - 20. Let x(i) = -3*b(i) + 24*y(i). List the prime factors of x(-5).
2, 3, 31
Suppose -15*w + 2359 + 4406 = 0. Let v = w + -283. What are the prime factors of v?
2, 3, 7
Let f = 316 + 2111. List the prime factors of f.
3, 809
Let r be ((-8)/6)/((-6)/9). Suppose 4*t + 5*q - 6*q - 104 = 0, 4*t - r*q = 108. What are the prime factors of t?
5
List the prime factors of 23/(276/(-36)) - 1*-636.
3, 211
Suppose 17*i - 22*i - 5 = 0. Let x = 9 + -14. What are the prime factors of (-6 - -9)/(i/x)?
3, 5
Let p(b) = 2*b**2 + 9*b - 7. Let u(g) = g**3 + 3*g**2 - 3*g - 3. Let l be u(-4). List the prime factors of p(l).
2, 7
Let q = -122 - -176. List the prime factors of 13/((-39)/q)*-3.
2, 3
Let k(a) = a**2 + 3*a + 76. List the prime factors of k(-14).
2, 5, 23
Suppose 2*z + 2*b - 437 = b, 3*z = -5*b + 659. List the prime factors of z.
2, 109
Let c = 1178 + -422. List the prime factors of c.
2, 3, 7
Let u be ((-52)/(-3))/(6/(-9)). Let x = u + 34. List the prime factors of x.
2
Let i be (2 - (0 - -1))/((-34)/68). What are the prime factors of i*((-74)/4 - -4)?
29
Let f(t) = -173*t + 8. List the prime factors of f(-2).
2, 3, 59
Let m be (-12)/24*(-1 + 3). Let u be (m - 5/(-3))*-3. Let k(j) = -24*j + 1. List the prime factors of k(u).
7
Let l = 782 - 303. What are the prime factors of l?
479
Suppose 12*w - 9*w = 18. List the prime factors of (w/15)/(1/30).
2, 3
Let q = 11848 - 8123. What are the prime factors of q?
5, 149
Let j be 3 - 4/(0 - 4). Suppose g - j - 70 = 0. What are the prime factors of g?
2, 37
Let g(i) = i**3 - 30*i**2 + 14*i + 34. List the prime factors of g(33).
53, 71
Let x(g) = -14*g**2 - g + 9. Let r be x(3). Let b = r + 334. What are the prime factors of b?
2, 107
Let m = 624 - 434. Suppose 5*d - 1030 = m. List the prime factors of d.
2, 61
Let b be 327/6*-1*2. Let z = -74 - b. What are the prime factors of z?
5, 7
Let u(l) = -l - 77. Let t be u(0). Let x be (-3597)/t + 2/7. Let c = x - 20. What are the prime factors of c?
3
Suppose 164 = -13*x + 1529. List the prime factors of x.
3, 5, 7
Let j(l) = -2*l**3 + 6*l**2 - 14. List the prime factors of j(-5).
2, 193
What are the prime factors of ((2 - 3)/3)/(72/(-695088))?
2, 1609
Let m be ((-40)/12)/(4/(-6)). Let b(w) = w**3 + 6*w**2 - w - 2. Let n be b(-6). Suppose m*g - 52 = 2*s + 8, 3*s + 41 = n*g. List the prime factors of g.
2, 7
Let h(w) = 11*w + 63. Let p be h(-15). What are the prime factors of (-1 + -1)*7/21*p?
2, 17
Let d be -178 - (2 - (-4)/(-1)). Let k be (-1 + 2)/(4/d). Let x = k + 92. What are the prime factors of x?
2, 3
Let i = 4047 + -2251. List the prime factors of i.
2, 449
Let t(s) = 2*s + 14. Let n be (-5)/2*(0 + -2). Suppose -n*k + 16 = 46. What are the prime factors of t(k)?
2
Let i be (2 - (-1 + 13))*(-2)/5. Suppose i*b + 102 = y, 3*y + 4*b = 3*b + 280. What are the prime factors of y?
2, 47
Let p(i) = -3 + 4*i**3 - 13*i**2 + 5*i + 8*i**2 + 5 - 3*i**3. Let q be p(4). Suppose -3*s - 3*c = -96, s + q*c - 2*c - 29 = 0. List the prime factors of s.
3, 11
Let h(x) = 10*x - 21. Let s be h(-6). Let w = -45 - s. List the prime factors of w.
2, 3
Let j = -2 - 3. Let y be 10/50 - (-1)/j. Suppose 7*m - 4*m - 6 = y. What are the prime factors of m?
2
Let j = -415 + 1378. What are the prime factors of j?
3, 107
Let i be 4214/56 - (-1)/(-4). Let a = 130 - i. Let q = a + -26. What are the prime factors of q?
29
Let w(t) = 6*t**2 + 24*t - 101. What are the prime factors of w(10)?
739
Let f = 1293 + -248. List the prime factors of f.
5, 11, 19
Let n be 3*(3 + -6 + 4). Suppose 2*i - 56 = -4*p, -4*i + p + 88 = n*p. List the prime factors of i.
2, 5
Let d be (-4)/(-2) - (2 + -107). Suppose 6*p - 235 = d. What are the prime factors of p?
3, 19
Let v = 0 + 2. Suppose 3*r - 3*u = v*u, 0 = -u. Suppose r = 4*g - 239 + 83. List the prime factors of g.
3, 13
Let p = -35 - -13. Let d = p + 26. What are the prime factors of d?
2
Let b(l) = l**3 + 20*l**2 - 28*l - 212. List the prime factors of b(-19).
3, 227
Let c(x) = -64*x - 8. Let y be c(-4). What are the prime factors of 1/(-3 + y/82)?
41
List the prime factors of (-24475)/(-15) - (-18)/(-27).
7, 233
Let c(p) = -p**3 - 17*p**2 + 10*p + 3. What are the prime factors of c(-19)?
5, 107
Let u(t) = 3930*t**2 + 12*t + 1. What are the prime factors of u(-1)?
3919
Let v(b) = b**2 - 12*b + 33. Let j be v(9). Suppose -10*c + j*c = -1044. List the prime factors of c.
3, 29
Let z(d) = -14*d + 0 + 14*d**2 - d**3 + 9 + 0 - 25. What are the prime factors of z(12)?
2, 13
Let w be 9*((-24)/4 - -3). List the prime factors of 3016/36 + (-6)/w.
2, 3, 7
Let b(d) = d**2 + 4*d + 6. Let p be b(15). Let t = p + -181. What are the prime factors of t?
2, 5, 11
Let i = 13 + -10. Suppose r - 39 = i*f + 24, 2*r + 4*f = 166. What are the prime factors of r?
3, 5
Let b(s) = 7*s**2 - 7*s + 1. Let t(p) = -21*p**2 + 23*p - 2. Let k(q) = 7*b(q) + 2*t(q). What are the prime factors of k(1)?
7
Suppose 5*k + j - 20 = -4*j, 5*k + j = 20. Suppose 0 = -k*c - c + 5. List the prime factors of 34 + 1 - (c + 2).
2
Suppose -9094 = -51*g + 19517. What are the prime factors of g?
3, 11, 17
Suppose 0 = -4*z + 36 - 0. Suppose 0 = -j + 4*j + z. List the prime factors of (-163)/j + (-8)/(-12).
5, 11
Suppose -2*q - 5 = -3*q. Suppose 110 = q*d + 330. Let k = -22 - d. List the prime factors of k.
2, 11
Let o(l) = 439*l + 11. Let r be o(6). Suppose 743 = 14*i - r. List the prime factors of i.
2, 11
Let o = -29 - -19. Let b(v) = 2*v**2 + 16*v + 20. List the prime factors of b(o).
2, 3, 5
Let m(t) be the first derivative of 2*t**3/3 - t**2/2 + 112*t - 19. What are the prime factors of m(0)?
2, 7
Let y = 1227 + -116. Suppose -6*g + y = 241. List the prime factors of g.
5, 29
Let h = 28 - -106. What are the prime factors of h?
2, 67
Suppose -53*o + 69*o - 9328 = 0. What are the prime factors of o?
11, 53
Suppose -a = -2*a + 5. Let y(c) = -10*c + c**3 - 7*c - 4*c**3 + 4*c**3 - 1. List the prime factors of y(a).
3, 13
Suppose -1141 = -2*x + 7369. What are the prime factors of x?
5, 23, 37
Let p = 20 + -24. Let q(z) = -z**3 - 5*z**2 - 2*z - 6. Let f be q(p). Let x = f + 16. What are the prime factors of x?
2
Let a = 1038 - 646. List the prime factors of a.
2, 7
Let c = 25 - -286. What are the prime factors of c?
311
Suppose -4*g - b = -1308 - 1271, 5*g - 3205 = -5*b. List the prime factors of (-76)/g + -44*31/(-34).
2, 5
Suppose -4*v - 14 = -5*v. Let q(l) = -33*l**3 + 13*l + 6*l - v + 32*l**3 + 14*l**2. List the prime factors of q(15).
2, 23
Suppose -3*h = 5*m - 3361, 1794 = -5*m - h + 5161. What are the prime factors of m?
2, 337
Let c = 911 + -449. What are the prime factors of c?
2, 3, 7, 11
Let n(v) = 74*v**2 - 6*v - 5. Let b be n(-1). Suppose -f + 62 = -b. What are the prime factors of f?
137
Suppose 5*k - 5*i - 7 + 2 = 0, -2*k - 5*i + 9 = 0. Suppose -4*q - k = -14. Suppose -4*f + 47 = q. What are the prime factors of f?
11
Suppose -34*j - 18*j = -37544. List the prime factors of j.
2, 19
Let n be (-7)/(14/(-16)) + -4. Suppose 0*a - 2*a + 5*x + 83 = 0, 5*a - 224 = -n*x. List the prime factors of a.
2, 11
Let g(k) = 12*k + 17. List the prime factors of g(15).
197
Let x(z) = 7*z**2 - z + 1. Let d = -12 - -9. Let u be x(d). Let k = u + -31. What are the prime factors of k?
2, 3
Suppose 3*l = 5*y + l - 746, 5*y - 3*l - 744 = 0. Let f be (-3696)/36 + (-1)/3. Let o = y + f. List the prime factors of o.
47
Suppose s + 15 = 6*s. Let d(g) = 2*g - 7. Let h be d(s). What are the prime factors of (68/12)/h*-6?
2, 17
Let y(j) = j**3 - 2*j**2 + 9*j + 18. What are the prime factors of y(8)?
2, 3, 79
Let n(s) = -24*s**3 - 8*s**2 + 8*s + 8. Let h be n(5). What are the prime factors of h/(-18) - (-3 + (-56)/(-18))?
5, 7
Suppose 0 = 9*